{"id":8191,"date":"2020-10-14T09:36:36","date_gmt":"2020-10-14T09:36:36","guid":{"rendered":"http:\/\/source.wpopal.com\/medilazar\/home-1\/"},"modified":"2024-10-18T16:48:15","modified_gmt":"2024-10-18T16:48:15","slug":"home-1","status":"publish","type":"page","link":"https:\/\/zucarless.com\/","title":{"rendered":"Home 1"},"content":{"rendered":"\t\t<div data-elementor-type=\"wp-page\" data-elementor-id=\"8191\" class=\"elementor elementor-8191\" data-elementor-post-type=\"page\">\n\t\t\t\t\t\t<section class=\"elementor-section elementor-top-section elementor-element elementor-element-937998f elementor-section-boxed elementor-section-height-default elementor-section-height-default\" data-id=\"937998f\" data-element_type=\"section\">\n\t\t\t\t\t\t<div class=\"elementor-container elementor-column-gap-default\">\n\t\t\t\t\t<div class=\"elementor-column elementor-col-100 elementor-top-column elementor-element elementor-element-9a88184\" data-id=\"9a88184\" data-element_type=\"column\">\n\t\t\t<div class=\"elementor-widget-wrap elementor-element-populated\">\n\t\t\t\t\t\t<div class=\"elementor-element elementor-element-9d45473 elementor-widget elementor-widget-wc-elements\" data-id=\"9d45473\" data-element_type=\"widget\" data-widget_type=\"wc-elements.default\">\n\t\t\t\t<div class=\"elementor-widget-container\">\n\t\t\t<div class=\"woocommerce\">\t\t\t<div class=\"single-product\" data-product-page-preselected-id=\"0\">\n\t\t\t\t<div class=\"woocommerce-notices-wrapper\"><\/div><div id=\"product-273\" class=\"product type-product post-273 status-publish first instock product_cat-devices product_cat-health-conditions product_cat-treatments product_tag-natural product_tag-tomato has-post-thumbnail sale shipping-taxable purchasable product-type-simple\">\n\n\t<div class=\"product-images-summary\"><div class=\"woocommerce-product-gallery woocommerce-product-gallery--with-images woocommerce-product-gallery--columns-4 images\" data-columns=\"4\" style=\"opacity: 0; transition: opacity .25s ease-in-out;\">\n\t<div class=\"woocommerce-product-gallery__wrapper\">\n\t\t<div data-thumb=\"https:\/\/zucarless.com\/wp-content\/uploads\/2020\/10\/zucarless-bottle-product-image-300x250.jpg\" data-thumb-alt=\"\" data-thumb-srcset=\"\" class=\"woocommerce-product-gallery__image\"><a href=\"https:\/\/zucarless.com\/wp-content\/uploads\/2020\/10\/zucarless-bottle-product-image.jpg\"><img fetchpriority=\"high\" decoding=\"async\" width=\"600\" height=\"600\" src=\"https:\/\/zucarless.com\/wp-content\/uploads\/2020\/10\/zucarless-bottle-product-image-600x600.jpg\" class=\"wp-post-image\" alt=\"\" title=\"zucarless bottle product image\" data-caption=\"\" data-src=\"https:\/\/zucarless.com\/wp-content\/uploads\/2020\/10\/zucarless-bottle-product-image.jpg\" data-large_image=\"https:\/\/zucarless.com\/wp-content\/uploads\/2020\/10\/zucarless-bottle-product-image.jpg\" data-large_image_width=\"1200\" data-large_image_height=\"1200\" srcset=\"https:\/\/zucarless.com\/wp-content\/uploads\/2020\/10\/zucarless-bottle-product-image-600x600.jpg 600w, https:\/\/zucarless.com\/wp-content\/uploads\/2020\/10\/zucarless-bottle-product-image-300x300.jpg 300w, https:\/\/zucarless.com\/wp-content\/uploads\/2020\/10\/zucarless-bottle-product-image-1024x1024.jpg 1024w, https:\/\/zucarless.com\/wp-content\/uploads\/2020\/10\/zucarless-bottle-product-image-150x150.jpg 150w, https:\/\/zucarless.com\/wp-content\/uploads\/2020\/10\/zucarless-bottle-product-image-768x768.jpg 768w, https:\/\/zucarless.com\/wp-content\/uploads\/2020\/10\/zucarless-bottle-product-image-120x120.jpg 120w, https:\/\/zucarless.com\/wp-content\/uploads\/2020\/10\/zucarless-bottle-product-image-46x46.jpg 46w, https:\/\/zucarless.com\/wp-content\/uploads\/2020\/10\/zucarless-bottle-product-image-100x100.jpg 100w, https:\/\/zucarless.com\/wp-content\/uploads\/2020\/10\/zucarless-bottle-product-image-700x700.jpg 700w, https:\/\/zucarless.com\/wp-content\/uploads\/2020\/10\/zucarless-bottle-product-image.jpg 1200w\" sizes=\"(max-width: 600px) 100vw, 600px\" \/><\/a><\/div><div data-thumb=\"https:\/\/zucarless.com\/wp-content\/uploads\/2020\/10\/ZUCARLESS-BENEFICIOS-300x250.png\" data-thumb-alt=\"\" data-thumb-srcset=\"\" class=\"woocommerce-product-gallery__image\"><a href=\"https:\/\/zucarless.com\/wp-content\/uploads\/2020\/10\/ZUCARLESS-BENEFICIOS.png\"><img decoding=\"async\" width=\"600\" height=\"620\" src=\"https:\/\/zucarless.com\/wp-content\/uploads\/2020\/10\/ZUCARLESS-BENEFICIOS-600x620.png\" class=\"\" alt=\"\" title=\"ZUCARLESS BENEFICIOS\" data-caption=\"\" data-src=\"https:\/\/zucarless.com\/wp-content\/uploads\/2020\/10\/ZUCARLESS-BENEFICIOS.png\" data-large_image=\"https:\/\/zucarless.com\/wp-content\/uploads\/2020\/10\/ZUCARLESS-BENEFICIOS.png\" data-large_image_width=\"1161\" data-large_image_height=\"1199\" srcset=\"https:\/\/zucarless.com\/wp-content\/uploads\/2020\/10\/ZUCARLESS-BENEFICIOS-600x620.png 600w, https:\/\/zucarless.com\/wp-content\/uploads\/2020\/10\/ZUCARLESS-BENEFICIOS-290x300.png 290w, https:\/\/zucarless.com\/wp-content\/uploads\/2020\/10\/ZUCARLESS-BENEFICIOS-992x1024.png 992w, https:\/\/zucarless.com\/wp-content\/uploads\/2020\/10\/ZUCARLESS-BENEFICIOS-768x793.png 768w, https:\/\/zucarless.com\/wp-content\/uploads\/2020\/10\/ZUCARLESS-BENEFICIOS.png 1161w\" sizes=\"(max-width: 600px) 100vw, 600px\" \/><\/a><\/div><div data-thumb=\"https:\/\/zucarless.com\/wp-content\/uploads\/2020\/10\/ZUCARLESS-TOMA-300x250.png\" data-thumb-alt=\"\" data-thumb-srcset=\"\" class=\"woocommerce-product-gallery__image\"><a href=\"https:\/\/zucarless.com\/wp-content\/uploads\/2020\/10\/ZUCARLESS-TOMA.png\"><img decoding=\"async\" width=\"600\" height=\"620\" src=\"https:\/\/zucarless.com\/wp-content\/uploads\/2020\/10\/ZUCARLESS-TOMA-600x620.png\" class=\"\" alt=\"\" title=\"ZUCARLESS TOMA\" data-caption=\"\" data-src=\"https:\/\/zucarless.com\/wp-content\/uploads\/2020\/10\/ZUCARLESS-TOMA.png\" data-large_image=\"https:\/\/zucarless.com\/wp-content\/uploads\/2020\/10\/ZUCARLESS-TOMA.png\" data-large_image_width=\"1161\" data-large_image_height=\"1199\" srcset=\"https:\/\/zucarless.com\/wp-content\/uploads\/2020\/10\/ZUCARLESS-TOMA-600x620.png 600w, https:\/\/zucarless.com\/wp-content\/uploads\/2020\/10\/ZUCARLESS-TOMA-290x300.png 290w, https:\/\/zucarless.com\/wp-content\/uploads\/2020\/10\/ZUCARLESS-TOMA-992x1024.png 992w, https:\/\/zucarless.com\/wp-content\/uploads\/2020\/10\/ZUCARLESS-TOMA-768x793.png 768w, https:\/\/zucarless.com\/wp-content\/uploads\/2020\/10\/ZUCARLESS-TOMA.png 1161w\" sizes=\"(max-width: 600px) 100vw, 600px\" \/><\/a><\/div><div data-thumb=\"https:\/\/zucarless.com\/wp-content\/uploads\/2020\/10\/ZUCARLESS-GARANTIA-2-300x250.png\" data-thumb-alt=\"\" data-thumb-srcset=\"\" class=\"woocommerce-product-gallery__image\"><a href=\"https:\/\/zucarless.com\/wp-content\/uploads\/2020\/10\/ZUCARLESS-GARANTIA-2.png\"><img loading=\"lazy\" decoding=\"async\" width=\"600\" height=\"620\" src=\"https:\/\/zucarless.com\/wp-content\/uploads\/2020\/10\/ZUCARLESS-GARANTIA-2-600x620.png\" class=\"\" alt=\"\" title=\"ZUCARLESS GARANTI\u0301A 2\" data-caption=\"\" data-src=\"https:\/\/zucarless.com\/wp-content\/uploads\/2020\/10\/ZUCARLESS-GARANTIA-2.png\" data-large_image=\"https:\/\/zucarless.com\/wp-content\/uploads\/2020\/10\/ZUCARLESS-GARANTIA-2.png\" data-large_image_width=\"1161\" data-large_image_height=\"1199\" srcset=\"https:\/\/zucarless.com\/wp-content\/uploads\/2020\/10\/ZUCARLESS-GARANTIA-2-600x620.png 600w, https:\/\/zucarless.com\/wp-content\/uploads\/2020\/10\/ZUCARLESS-GARANTIA-2-290x300.png 290w, https:\/\/zucarless.com\/wp-content\/uploads\/2020\/10\/ZUCARLESS-GARANTIA-2-992x1024.png 992w, https:\/\/zucarless.com\/wp-content\/uploads\/2020\/10\/ZUCARLESS-GARANTIA-2-768x793.png 768w, https:\/\/zucarless.com\/wp-content\/uploads\/2020\/10\/ZUCARLESS-GARANTIA-2.png 1161w\" sizes=\"(max-width: 600px) 100vw, 600px\" \/><\/a><\/div><div data-thumb=\"https:\/\/zucarless.com\/wp-content\/uploads\/2020\/10\/ZUCARLESS-INGREDIENTES-300x250.png\" data-thumb-alt=\"\" data-thumb-srcset=\"\" class=\"woocommerce-product-gallery__image\"><a href=\"https:\/\/zucarless.com\/wp-content\/uploads\/2020\/10\/ZUCARLESS-INGREDIENTES.png\"><img loading=\"lazy\" decoding=\"async\" width=\"600\" height=\"620\" src=\"https:\/\/zucarless.com\/wp-content\/uploads\/2020\/10\/ZUCARLESS-INGREDIENTES-600x620.png\" class=\"\" alt=\"\" title=\"ZUCARLESS INGREDIENTES\" data-caption=\"\" data-src=\"https:\/\/zucarless.com\/wp-content\/uploads\/2020\/10\/ZUCARLESS-INGREDIENTES.png\" data-large_image=\"https:\/\/zucarless.com\/wp-content\/uploads\/2020\/10\/ZUCARLESS-INGREDIENTES.png\" data-large_image_width=\"1161\" data-large_image_height=\"1199\" srcset=\"https:\/\/zucarless.com\/wp-content\/uploads\/2020\/10\/ZUCARLESS-INGREDIENTES-600x620.png 600w, https:\/\/zucarless.com\/wp-content\/uploads\/2020\/10\/ZUCARLESS-INGREDIENTES-290x300.png 290w, https:\/\/zucarless.com\/wp-content\/uploads\/2020\/10\/ZUCARLESS-INGREDIENTES-992x1024.png 992w, https:\/\/zucarless.com\/wp-content\/uploads\/2020\/10\/ZUCARLESS-INGREDIENTES-768x793.png 768w, https:\/\/zucarless.com\/wp-content\/uploads\/2020\/10\/ZUCARLESS-INGREDIENTES.png 1161w\" sizes=\"(max-width: 600px) 100vw, 600px\" \/><\/a><\/div>\t<div class=\"product-label\">\n\t<span class=\"onsale percent\">-14%<\/span>\t<\/div>\n\t\t<\/div>\n<\/div>\n\n\t<div class=\"summary entry-summary\">\n\t\t<div class=\"detail-meta-top\">\n\t<div class=\"woocommerce-product-rating\">\n\t\t<a href=\"#reviews\" class=\"woocommerce-review-link\" rel=\"nofollow\">Add your review<\/a>\t<\/div>\n\t\n\t\n\t\t<div class=\"availability stock in-stock\" data-original=\"In Stock\" data-class=\"in-stock\">\n\t\t\t<span>Stock:<\/span>\n\t\t\t<span class=\"availability-text\">In Stock<\/span>\n\t\t<\/div>\t\n\t<\/div>\t<div class=\"single-counter-wrapper\">\n\t\t<span>Sale ends in:<\/span>\n\t\t\t<\/div>\n\t<p class=\"price\"><del aria-hidden=\"true\"><span class=\"woocommerce-Price-amount amount\"><bdi><span class=\"woocommerce-Price-currencySymbol\">&#36;<\/span>729.00<\/bdi><\/span><\/del> <span class=\"screen-reader-text\">Original price was: &#036;729.00.<\/span><ins aria-hidden=\"true\"><span class=\"woocommerce-Price-amount amount\"><bdi><span class=\"woocommerce-Price-currencySymbol\">&#36;<\/span>629.00<\/bdi><\/span><\/ins><span class=\"screen-reader-text\">Current price is: &#036;629.00.<\/span><\/p>\n<div class=\"ts-variation-price hidden\"><\/div><div class=\"woocommerce-product-details__short-description\">\n\t<h1><span style=\"vertical-align: inherit;\"><span style=\"vertical-align: inherit;\">Zucarless<\/span><\/span><\/h1>\n<p class=\"p1\">\u00bfBuscas una soluci\u00f3n natural y completa para mantener tus niveles de glucosa bajo control? Descubre Zucarless, nuestra f\u00f3rmula avanzada que combina el poder del <em>WEREKE<\/em> con los beneficios adicionales de la <em>VITAMINA C<\/em> y el <em>\u00c1RNICA.<br \/>\n<\/em><em>No dejes que los altibajos de tu glucosa controlen tu vida. Con Zucarless, toma el control de tu salud de manera natural y efectiva. Experimenta los beneficios combinados del wereke, la vitamina C y el \u00e1rnica en un solo producto.<\/em><\/p>\n<\/div>\n\n\t\n\t<form class=\"cart\" action=\"\" method=\"post\" enctype='multipart\/form-data'>\n\t\t\n\t\t<div class=\"quantity\">\n\t\t<label class=\"ts-screen-reader-text\">Quantity<\/label>\n\t<div class=\"number-button\">\n\t\t<input type=\"button\" value=\"-\" class=\"minus\" \/>\n\t\t<label class=\"screen-reader-text\" for=\"quantity_69e361baba799\">Zucarless quantity<\/label>\n\t<input\n\t\ttype=\"number\"\n\t\t\t\tid=\"quantity_69e361baba799\"\n\t\tclass=\"input-text qty text\"\n\t\tname=\"quantity\"\n\t\tvalue=\"1\"\n\t\taria-label=\"Product quantity\"\n\t\tsize=\"4\"\n\t\tmin=\"1\"\n\t\tmax=\"\"\n\t\t\t\t\tstep=\"1\"\n\t\t\tplaceholder=\"\"\n\t\t\tinputmode=\"numeric\"\n\t\t\tautocomplete=\"off\"\n\t\t\t\/>\n\t\t\t<input type=\"button\" value=\"+\" class=\"plus\" \/>\n\t<\/div>\n\t<\/div>\n\n\t\t<button type=\"submit\" name=\"add-to-cart\" value=\"273\" class=\"single_add_to_cart_button button alt\">Add to cart<\/button>\n\n\t\t\t<\/form>\n\n\t\n\t\t<a href=\"#\" class=\"button ts-buy-now-button\">Buy Now<\/a>\n\t<div class=\"meta-content\"><div class=\"cats-tags-wrapper\"><div class=\"cats-link\"><span>Categories:<\/span><span class=\"cat-links\"><a href=\"https:\/\/zucarless.com\/index.php\/product-category\/devices\/\" rel=\"tag\">Devices<\/a>, <a href=\"https:\/\/zucarless.com\/index.php\/product-category\/health-conditions\/\" rel=\"tag\">Health Conditions<\/a>, <a href=\"https:\/\/zucarless.com\/index.php\/product-category\/treatments\/\" rel=\"tag\">Treatments<\/a><\/span><\/div><\/div><div class=\"ts-social-sharing\">\r\n\t<span>Share<\/span>\r\n\t<ul>\r\n\t\t<li class=\"facebook\">\r\n\t\t\t<a href=\"https:\/\/www.facebook.com\/sharer\/sharer.php?u=https:\/\/zucarless.com\/index.php\/product\/zahler-real-calm-multivitamin\/\" target=\"_blank\"><i class=\"fab fa-facebook-f\"><\/i><\/a>\r\n\t\t<\/li>\r\n\t\r\n\t\t<li class=\"twitter\">\r\n\t\t\t<a href=\"https:\/\/twitter.com\/intent\/tweet?text=https:\/\/zucarless.com\/index.php\/product\/zahler-real-calm-multivitamin\/\" target=\"_blank\"><i class=\"fab fa-twitter\"><\/i><\/a>\r\n\t\t<\/li>\r\n\t\r\n\t\t<li class=\"pinterest\">\r\n\t\t\t\t\t\t<a href=\"https:\/\/pinterest.com\/pin\/create\/button\/?url=https:\/\/zucarless.com\/index.php\/product\/zahler-real-calm-multivitamin\/&amp;media=https:\/\/zucarless.com\/wp-content\/uploads\/2020\/10\/zucarless-bottle-product-image.jpg\" target=\"_blank\"><i class=\"fab fa-pinterest-square\"><\/i><\/a>\r\n\t\t<\/li>\r\n\t\r\n\t\t<li class=\"linkedin\">\r\n\t\t\t<a href=\"http:\/\/linkedin.com\/shareArticle?mini=true&amp;url=https:\/\/zucarless.com\/index.php\/product\/zahler-real-calm-multivitamin\/&amp;title=zucarless\" target=\"_blank\"><i class=\"fab fa-linkedin-in\"><\/i><\/a>\r\n\t\t<\/li>\r\n\t<\/ul>\r\n<\/div><\/div>\t<\/div>\n\n\t<\/div>\n\t<div class=\"woocommerce-tabs wc-tabs-wrapper\">\n\t\t<ul class=\"tabs wc-tabs\" role=\"tablist\">\n\t\t\t\t\t\t\t<li class=\"description_tab\" id=\"tab-title-description\" role=\"tab\" aria-controls=\"tab-description\">\n\t\t\t\t\t<a href=\"#tab-description\">\n\t\t\t\t\t\tDescription\t\t\t\t\t<\/a>\n\t\t\t\t<\/li>\n\t\t\t\t\t\t\t<li class=\"additional_information_tab\" id=\"tab-title-additional_information\" role=\"tab\" aria-controls=\"tab-additional_information\">\n\t\t\t\t\t<a href=\"#tab-additional_information\">\n\t\t\t\t\t\tAdditional information\t\t\t\t\t<\/a>\n\t\t\t\t<\/li>\n\t\t\t\t\t\t\t<li class=\"reviews_tab\" id=\"tab-title-reviews\" role=\"tab\" aria-controls=\"tab-reviews\">\n\t\t\t\t\t<a href=\"#tab-reviews\">\n\t\t\t\t\t\tReviews (0)\t\t\t\t\t<\/a>\n\t\t\t\t<\/li>\n\t\t\t\t\t<\/ul>\n\t\t\t\t\t<div class=\"woocommerce-Tabs-panel woocommerce-Tabs-panel--description panel entry-content wc-tab\" id=\"tab-description\" role=\"tabpanel\" aria-labelledby=\"tab-title-description\">\n\t\t\t\t\n<div class=\"product-content \">\n\t\t\n\t<h3>El Poder del Wereke<\/h3>\n<p>El wereke (Ibervillea sonorae), planta nativa del desierto de Sonora, M\u00e9xico, ha sido utilizado durante siglos por sus propiedades medicinales. La ciencia moderna ha confirmado sus incre\u00edbles beneficios, especialmente para el control de la glucosa en sangre.<\/p>\n<h3>Beneficios del Wereke para el Control de Glucosa<\/h3>\n<ol>\n<li><em>Regulaci\u00f3n Natural:<\/em> Ayuda a regular los niveles de az\u00facar en sangre.<\/li>\n<li><em>Mejora la Sensibilidad a la Insulina:<\/em> Optimiza la respuesta del cuerpo a la insulina.<\/li>\n<li><em>Reducci\u00f3n de Picos de Glucosa:<\/em> Previene aumentos repentinos despu\u00e9s de las comidas.<\/li>\n<li><em>Apoyo al Metabolismo:<\/em> Contribuye a un metabolismo m\u00e1s saludable.<\/li>\n<li><em>Propiedades Antioxidantes:<\/em> Combate el estr\u00e9s oxidativo asociado con niveles elevados de glucosa.<\/li>\n<\/ol>\n<h3>Potenciado con Vitamina C<\/h3>\n<p>Hemos enriquecido nuestra f\u00f3rmula con vitamina C, un poderoso antioxidante que complementa perfectamente los beneficios del wereke:<\/p>\n<ol>\n<li><em>Refuerzo Inmunol\u00f3gico:<\/em> Fortalece el sistema inmunol\u00f3gico, crucial para la salud general.<\/li>\n<li><em>Apoyo Antioxidante:<\/em> Trabaja en sinergia con el wereke para combatir el estr\u00e9s oxidativo.<\/li>\n<li><em>Mejora la Absorci\u00f3n de Nutrientes:<\/em> Ayuda al cuerpo a aprovechar mejor otros nutrientes.<\/li>\n<\/ol>\n<h3>El Toque Curativo del \u00c1rnica<\/h3>\n<p>Completamos nuestra f\u00f3rmula con \u00e1rnica, conocida por sus propiedades antiinflamatorias y curativas:<\/p>\n<ol>\n<li><em>Reducci\u00f3n de la Inflamaci\u00f3n: <\/em>Ayuda a disminuir la inflamaci\u00f3n sist\u00e9mica, a menudo asociada con desbalances de glucosa.<\/li>\n<li><em>Alivio de Dolores:<\/em> Proporciona un efecto analg\u00e9sico natural.<\/li>\n<li><em>Mejora la Circulaci\u00f3n:<\/em> Promueve una mejor circulaci\u00f3n sangu\u00ednea, beneficiosa para la salud general.<\/li>\n<\/ol>\n<p>Zucarless est\u00e1 dise\u00f1ado para ofrecerte una soluci\u00f3n completa:<\/p>\n<ul>\n<li><em>F\u00f3rmula Sin\u00e9rgica:<\/em> La combinaci\u00f3n de wereke, vitamina C y \u00e1rnica proporciona beneficios amplificados.<\/li>\n<li>Elaborado con ingredientes de la m\u00e1s <em>alta calidad<\/em>, sin aditivos artificiales.<\/li>\n<li><em>F\u00e1cil de Consumir:<\/em> 2 c\u00e1psulas al d\u00eda marcar\u00e1n la diferencia en tu salud.<\/li>\n<li><em>Respaldado por la Ciencia:<\/em> Formula realizada con base a los \u00faltimos estudios sobre cada uno de sus componentes.<\/li>\n<li><em>Resultados Integrales:<\/em> Nuestros consumidores reportan mejoras no solo en sus niveles de glucosa, sino en su bienestar general.<\/li>\n<\/ul>\n<p>No dejes que los altibajos de tu glucosa controlen tu vida. Con Zucarless, toma el control de tu salud de manera natural y efectiva. Experimenta los beneficios combinados del wereke, la vitamina C y el \u00e1rnica en un solo producto.<\/p>\n<p>*Nota: Este producto es un suplemento alimenticio, no es un medicamento y no debe sustituir una dieta equilibrada. Ante cualquier duda, consulta a tu m\u00e9dico.<\/p>\n<\/div>\n\t\t\t<\/div>\n\t\t\t\t\t<div class=\"woocommerce-Tabs-panel woocommerce-Tabs-panel--additional_information panel entry-content wc-tab\" id=\"tab-additional_information\" role=\"tabpanel\" aria-labelledby=\"tab-title-additional_information\">\n\t\t\t\t\n\n<table class=\"woocommerce-product-attributes shop_attributes\" aria-label=\"Product Details\">\n\t\t\t<tr class=\"woocommerce-product-attributes-item woocommerce-product-attributes-item--attribute_tipo-de-suplemento\">\n\t\t\t<th class=\"woocommerce-product-attributes-item__label\" scope=\"row\">Tipo de Suplemento<\/th>\n\t\t\t<td class=\"woocommerce-product-attributes-item__value\"><p>Nutricional<\/p>\n<\/td>\n\t\t<\/tr>\n\t\t\t<tr class=\"woocommerce-product-attributes-item woocommerce-product-attributes-item--attribute_sabor\">\n\t\t\t<th class=\"woocommerce-product-attributes-item__label\" scope=\"row\">Sabor<\/th>\n\t\t\t<td class=\"woocommerce-product-attributes-item__value\"><p>Natural<\/p>\n<\/td>\n\t\t<\/tr>\n\t\t\t<tr class=\"woocommerce-product-attributes-item woocommerce-product-attributes-item--attribute_es-libre-de-gluten\">\n\t\t\t<th class=\"woocommerce-product-attributes-item__label\" scope=\"row\">Es libre de gluten<\/th>\n\t\t\t<td class=\"woocommerce-product-attributes-item__value\"><p>S\u00ed<\/p>\n<\/td>\n\t\t<\/tr>\n\t\t\t<tr class=\"woocommerce-product-attributes-item woocommerce-product-attributes-item--attribute_es-vegano\">\n\t\t\t<th class=\"woocommerce-product-attributes-item__label\" scope=\"row\">Es vegano<\/th>\n\t\t\t<td class=\"woocommerce-product-attributes-item__value\"><p>No<\/p>\n<\/td>\n\t\t<\/tr>\n\t\t\t<tr class=\"woocommerce-product-attributes-item woocommerce-product-attributes-item--attribute_contiene-lactosa\">\n\t\t\t<th class=\"woocommerce-product-attributes-item__label\" scope=\"row\">Contiene lactosa<\/th>\n\t\t\t<td class=\"woocommerce-product-attributes-item__value\"><p>No<\/p>\n<\/td>\n\t\t<\/tr>\n\t\t\t<tr class=\"woocommerce-product-attributes-item woocommerce-product-attributes-item--attribute_formato-del-suplemento\">\n\t\t\t<th class=\"woocommerce-product-attributes-item__label\" scope=\"row\">Formato del suplemento<\/th>\n\t\t\t<td class=\"woocommerce-product-attributes-item__value\"><p>C\u00e1psula<\/p>\n<\/td>\n\t\t<\/tr>\n\t\t\t<tr class=\"woocommerce-product-attributes-item woocommerce-product-attributes-item--attribute_tipo-de-envase\">\n\t\t\t<th class=\"woocommerce-product-attributes-item__label\" scope=\"row\">Tipo de envase<\/th>\n\t\t\t<td class=\"woocommerce-product-attributes-item__value\"><p>Pote<\/p>\n<\/td>\n\t\t<\/tr>\n\t\t\t<tr class=\"woocommerce-product-attributes-item woocommerce-product-attributes-item--attribute_formato-de-venta\">\n\t\t\t<th class=\"woocommerce-product-attributes-item__label\" scope=\"row\">Formato de venta<\/th>\n\t\t\t<td class=\"woocommerce-product-attributes-item__value\"><p>3 unidades para el consumo de 3 meses<\/p>\n<\/td>\n\t\t<\/tr>\n\t\t\t<tr class=\"woocommerce-product-attributes-item woocommerce-product-attributes-item--attribute_unidades-por-envase\">\n\t\t\t<th class=\"woocommerce-product-attributes-item__label\" scope=\"row\">Unidades por envase<\/th>\n\t\t\t<td class=\"woocommerce-product-attributes-item__value\"><p>60<\/p>\n<\/td>\n\t\t<\/tr>\n\t\t\t<tr class=\"woocommerce-product-attributes-item woocommerce-product-attributes-item--attribute_edad-m%c3%adnima-recomendad\">\n\t\t\t<th class=\"woocommerce-product-attributes-item__label\" scope=\"row\">Edad m\u00ednima recomendad<\/th>\n\t\t\t<td class=\"woocommerce-product-attributes-item__value\"><p>18 a\u00f1os<\/p>\n<\/td>\n\t\t<\/tr>\n\t<\/table>\n\t\t\t<\/div>\n\t\t\t\t\t<div class=\"woocommerce-Tabs-panel woocommerce-Tabs-panel--reviews panel entry-content wc-tab\" id=\"tab-reviews\" role=\"tabpanel\" aria-labelledby=\"tab-title-reviews\">\n\t\t\t\t<div id=\"reviews\" class=\"woocommerce-Reviews\">\n\t<div id=\"comments\">\n\t\t<h2 class=\"woocommerce-Reviews-title\">\n\t\t\tReviews\t\t<\/h2>\n\n\t\t\t\t\t<p class=\"woocommerce-noreviews\">There are no reviews yet.<\/p>\n\t\t\t<\/div>\n\n\t\t\t<div id=\"review_form_wrapper\">\n\t\t\t<div id=\"review_form\">\n\t\t\t\t\t<div id=\"respond\" class=\"comment-respond\">\n\t\t<span id=\"reply-title\" class=\"comment-reply-title\">Be the first to review &ldquo;Zucarless&rdquo; <small><a rel=\"nofollow\" id=\"cancel-comment-reply-link\" href=\"\/index.php\/wp-json\/wp\/v2\/pages\/8191#respond\" style=\"display:none;\">Cancelar la respuesta<\/a><\/small><\/span><form enctype=\"multipart\/form-data\" action=\"https:\/\/zucarless.com\/wp-comments-post.php\" method=\"post\" id=\"commentform\" class=\"comment-form\"><div class=\"wcpr-form-description\">Review now to get coupon!<\/div><p class=\"comment-notes\"><span id=\"email-notes\">Tu direcci\u00f3n de correo electr\u00f3nico no ser\u00e1 publicada.<\/span> <span class=\"required-field-message\">Los campos obligatorios est\u00e1n marcados con <span class=\"required\">*<\/span><\/span><\/p><div class=\"comment-form-rating\"><label for=\"rating\">Your rating&nbsp;<span class=\"required\">*<\/span><\/label><select name=\"rating\" id=\"rating\" required>\n\t\t\t\t\t\t<option value=\"\">Rate&hellip;<\/option>\n\t\t\t\t\t\t<option value=\"5\">Perfect<\/option>\n\t\t\t\t\t\t<option value=\"4\">Good<\/option>\n\t\t\t\t\t\t<option value=\"3\">Average<\/option>\n\t\t\t\t\t\t<option value=\"2\">Not that bad<\/option>\n\t\t\t\t\t\t<option value=\"1\">Very poor<\/option>\n\t\t\t\t\t<\/select><\/div><p class=\"comment-form-comment\"><label for=\"comment\">Your review&nbsp;<span class=\"required\">*<\/span><\/label><textarea id=\"comment\" name=\"comment\" cols=\"45\" rows=\"8\" required><\/textarea><\/p>\t<div class=\"wcpr-comment-form-images\">\r\n\t\t<label for=\"wcpr_image_upload\">\r\n\t\t\tElegir im\u00e1genes (tama\u00f1o m\u00e1ximo: 2000kB, n\u00famero m\u00e1ximo de archivos: 2)\t\t<\/label>\r\n\t\t<div class=\"wcpr-input-file-container\">\r\n\t\t\t<div class=\"wcpr-input-file-wrap\">\r\n\t\t\t\t<input type=\"file\" name=\"wcpr_image_upload[]\" id=\"wcpr_image_upload\" class=\"wcpr_image_upload\" multiple accept=\".jpg, .jpeg, .png, .bmp, .webp, .gif\"\/>\r\n\t\t\t\t<div class=\"wcpr-selected-image-container\"><\/div>\r\n\t\t\t<\/div>\r\n\t\t<\/div>\r\n\t<\/div>\r\n\t<p class=\"comment-form-author\"><label for=\"author\">Name&nbsp;<span class=\"required\">*<\/span><\/label><input id=\"author\" name=\"author\" type=\"text\" value=\"\" size=\"30\" required \/><\/p>\n<p class=\"comment-form-email\"><label for=\"email\">Email&nbsp;<span class=\"required\">*<\/span><\/label><input id=\"email\" name=\"email\" type=\"email\" value=\"\" size=\"30\" required \/><\/p>\n<p class=\"comment-form-cookies-consent\"><input id=\"wp-comment-cookies-consent\" name=\"wp-comment-cookies-consent\" type=\"checkbox\" value=\"yes\" \/> <label for=\"wp-comment-cookies-consent\">Guarda mi nombre, correo electr\u00f3nico y web en este navegador para la pr\u00f3xima vez que comente.<\/label><\/p>\n<p class=\"form-submit\"><input name=\"submit\" type=\"submit\" id=\"submit\" class=\"submit\" value=\"Submit\" \/> <input type='hidden' name='comment_post_ID' value='273' id='comment_post_ID' \/>\n<input type='hidden' name='comment_parent' id='comment_parent' value='0' \/>\n<\/p><input type=\"hidden\" id=\"wcpr_image_upload_nonce\" name=\"wcpr_image_upload_nonce\" value=\"5b9766e27d\" \/><input type=\"hidden\" name=\"_wp_http_referer\" value=\"\/index.php\/wp-json\/wp\/v2\/pages\/8191\" \/><\/form>\t<\/div><!-- #respond -->\n\t\t\t\t<\/div>\n\t\t<\/div>\n\t\n\t<div class=\"clear\"><\/div>\n<\/div>\n\t\t\t<\/div>\n\t\t\n\t\t\t<\/div>\n\n<\/div>\n\n\t\t\t<\/div>\n\t\t\t<\/div>\t\t<\/div>\n\t\t\t\t<\/div>\n\t\t\t\t\t<\/div>\n\t\t<\/div>\n\t\t\t\t\t<\/div>\n\t\t<\/section>\n\t\t\t\t<\/div>\n\t\t","protected":false},"excerpt":{"rendered":"","protected":false},"author":1,"featured_media":0,"parent":0,"menu_order":0,"comment_status":"closed","ping_status":"closed","template":"elementor_theme","meta":{"footnotes":""},"class_list":["post-8191","page","type-page","status-publish","hentry"],"_links":{"self":[{"href":"https:\/\/zucarless.com\/index.php\/wp-json\/wp\/v2\/pages\/8191","targetHints":{"allow":["GET"]}}],"collection":[{"href":"https:\/\/zucarless.com\/index.php\/wp-json\/wp\/v2\/pages"}],"about":[{"href":"https:\/\/zucarless.com\/index.php\/wp-json\/wp\/v2\/types\/page"}],"author":[{"embeddable":true,"href":"https:\/\/zucarless.com\/index.php\/wp-json\/wp\/v2\/users\/1"}],"replies":[{"embeddable":true,"href":"https:\/\/zucarless.com\/index.php\/wp-json\/wp\/v2\/comments?post=8191"}],"version-history":[{"count":204,"href":"https:\/\/zucarless.com\/index.php\/wp-json\/wp\/v2\/pages\/8191\/revisions"}],"predecessor-version":[{"id":8574,"href":"https:\/\/zucarless.com\/index.php\/wp-json\/wp\/v2\/pages\/8191\/revisions\/8574"}],"wp:attachment":[{"href":"https:\/\/zucarless.com\/index.php\/wp-json\/wp\/v2\/media?parent=8191"}],"curies":[{"name":"wp","href":"https:\/\/api.w.org\/{rel}","templated":true}]}}